{"id":27079,"date":"2018-04-05T17:32:35","date_gmt":"2018-04-05T15:32:35","guid":{"rendered":"http:\/\/libmod.de\/?page_id=27079"},"modified":"2024-02-07T09:57:42","modified_gmt":"2024-02-07T08:57:42","slug":"marieluise-beck","status":"publish","type":"page","link":"https:\/\/libmod.de\/en\/about-us\/marieluise-beck\/","title":{"rendered":"Marieluise Beck"},"content":{"rendered":"<div class=\"wpb-content-wrapper\"><p>[vc_row][vc_column width=\u201c2\/3\u201d][vc_column_text]<\/p>\n<div class=\"mceTemp\"><\/div>\n<p>Marieluise Beck is a&nbsp;politician of foreign affairs with a&nbsp;focus on Eastern and South-East Europe and well-respected across parties. She is held in high regard as a&nbsp;defender of human rights-oriented foreign and security politics and has broad networks in politics and civil society in Russia, Ukraine and South-East&nbsp;Europe.<\/p>\n<p>In addition to her political work she has repeatedly devoted herself to human\u00adi\u00adtarian causes. She carries the Order of Merit with Ribbon of the Federal Republic of Germany. In 2016 she was awarded the Ramer Award for Courage in the Defence of Democracy by the American Jewish Committee (AJC).<\/p>\n<p>She was spokesperson of the first green parlia\u00admentary group in 1983, member of the parliament from 1983 to 2017 and member of the committee on foreign affairs since 2005. She was appointed respon\u00adsible for migration within the green and red government and was parlia\u00admentary state secretary in the ministry for employment. In addition, she was a&nbsp;member of the Parlia\u00admentary Assembly of the Council of Europe. There she joined the \u201cAlliance of Liberals and Democrats for Europe\u201d (ALDE). She is a&nbsp;board member of the \u201cPeters\u00adburger Dialog\u201d. During the Serbian-Bosnian conflict, she founded the organ\u00adi\u00adsation \u201cBr\u00fccke der Hoffnung\u201d (Bridge of Hope), which has applied more than 10 million Euro for human\u00adi\u00adtarian projects by&nbsp;now.<\/p>\n<h2>Links<\/h2>\n<p>facebook:&nbsp;<a href=\"https:\/\/www.facebook.com\/marieluise.beck\">https:\/\/www.facebook.com\/marieluise.beck<\/a><\/p>\n<p>twitter: <a href=\"https:\/\/twitter.com\/marieluisebeck\">https:\/\/twitter.com\/marieluisebeck<\/a>[\/vc_column_text][\/vc_column][vc_column width=\u201c1\/3\u201d][vc_column_text]<img class=\"alignnone wp-image-61143 size-full\" src=\"https:\/\/libmodredaktion.fra1.digitaloceanspaces.com\/wp-content\/uploads\/20240905141438\/800_MLB-2.jpg\" alt width=\"1200\" height=\"800\" srcset=\"https:\/\/libmodredaktion.fra1.digitaloceanspaces.com\/wp-content\/uploads\/20240905141438\/800_MLB-2.jpg 1200w, https:\/\/libmodredaktion.fra1.digitaloceanspaces.com\/wp-content\/uploads\/20240905141438\/800_MLB-2-770x513.jpg 770w, https:\/\/libmodredaktion.fra1.digitaloceanspaces.com\/wp-content\/uploads\/20240905141438\/800_MLB-2-768x512.jpg 768w\" sizes=\"(max-width: 1200px) 100vw, 1200px\"><\/p>\n<p>[\/vc_column_text][\/vc_column][\/vc_row]<\/p>\n<\/div>","protected":false},"excerpt":{"rendered":"<p>[vc_row][vc_column width=\u201c2\/3\u201d][vc_column_text] Marieluise Beck is a&nbsp;politician of foreign affairs with a&nbsp;focus on Eastern and South-East Europe and well-respected across parties. She is held in high regard as a&nbsp;defender of&nbsp;human...<\/p>\n","protected":false},"author":257,"featured_media":0,"parent":26877,"menu_order":5,"comment_status":"closed","ping_status":"closed","template":"","meta":{"_acf_changed":false,"wp_typography_post_enhancements_disabled":false,"footnotes":""},"class_list":["post-27079","page","type-page","status-publish"],"acf":[],"yoast_head":"<!-- This site is optimized with the Yoast SEO Premium plugin v27.4 (Yoast SEO v27.5) - https:\/\/yoast.com\/product\/yoast-seo-premium-wordpress\/ -->\n<title>Marieluise Beck - libmod.de - Zentrum Liberale Moderne<\/title>\n<meta name=\"robots\" content=\"index, follow, max-snippet:-1, max-image-preview:large, max-video-preview:-1\" \/>\n<link rel=\"canonical\" href=\"https:\/\/libmod.de\/en\/about-us\/marieluise-beck\/\" \/>\n<meta property=\"og:locale\" content=\"en_US\" \/>\n<meta property=\"og:type\" content=\"article\" \/>\n<meta property=\"og:title\" content=\"Marieluise Beck\" \/>\n<meta property=\"og:description\" content=\"[vc_row][vc_column width=\u201c2\/3\u201d][vc_column_text] Marieluise Beck is a&nbsp;politician of foreign affairs with a&nbsp;focus on Eastern and South-East Europe and well-respected across parties. She is held in high regard as a&nbsp;defender of human...\" \/>\n<meta property=\"og:url\" content=\"https:\/\/libmod.de\/en\/about-us\/marieluise-beck\/\" \/>\n<meta property=\"og:site_name\" content=\"libmod.de - Zentrum Liberale Moderne\" \/>\n<meta property=\"article:publisher\" content=\"https:\/\/www.facebook.com\/LiberaleModerne\/\" \/>\n<meta property=\"article:modified_time\" content=\"2024-02-07T08:57:42+00:00\" \/>\n<meta property=\"og:image\" content=\"https:\/\/libmod.de\/wp-content\/uploads\/800_MLB-2.jpg\" \/>\n<meta name=\"twitter:card\" content=\"summary_large_image\" \/>\n<meta name=\"twitter:site\" content=\"@liberalemoderne\" \/>\n<meta name=\"twitter:label1\" content=\"Est. reading time\" \/>\n\t<meta name=\"twitter:data1\" content=\"2 minutes\" \/>\n<script type=\"application\/ld+json\" class=\"yoast-schema-graph\">{\"@context\":\"https:\\\/\\\/schema.org\",\"@graph\":[{\"@type\":\"WebPage\",\"@id\":\"https:\\\/\\\/libmod.de\\\/en\\\/about-us\\\/marieluise-beck\\\/\",\"url\":\"https:\\\/\\\/libmod.de\\\/en\\\/about-us\\\/marieluise-beck\\\/\",\"name\":\"Marieluise Beck - libmod.de - Zentrum Liberale Moderne\",\"isPartOf\":{\"@id\":\"https:\\\/\\\/libmod.de\\\/#website\"},\"primaryImageOfPage\":{\"@id\":\"https:\\\/\\\/libmod.de\\\/en\\\/about-us\\\/marieluise-beck\\\/#primaryimage\"},\"image\":{\"@id\":\"https:\\\/\\\/libmod.de\\\/en\\\/about-us\\\/marieluise-beck\\\/#primaryimage\"},\"thumbnailUrl\":\"https:\\\/\\\/libmod.de\\\/wp-content\\\/uploads\\\/800_MLB-2.jpg\",\"datePublished\":\"2018-04-05T15:32:35+00:00\",\"dateModified\":\"2024-02-07T08:57:42+00:00\",\"breadcrumb\":{\"@id\":\"https:\\\/\\\/libmod.de\\\/en\\\/about-us\\\/marieluise-beck\\\/#breadcrumb\"},\"inLanguage\":\"en-US\",\"potentialAction\":[{\"@type\":\"ReadAction\",\"target\":[\"https:\\\/\\\/libmod.de\\\/en\\\/about-us\\\/marieluise-beck\\\/\"]}]},{\"@type\":\"ImageObject\",\"inLanguage\":\"en-US\",\"@id\":\"https:\\\/\\\/libmod.de\\\/en\\\/about-us\\\/marieluise-beck\\\/#primaryimage\",\"url\":\"https:\\\/\\\/libmod.de\\\/wp-content\\\/uploads\\\/800_MLB-2.jpg\",\"contentUrl\":\"https:\\\/\\\/libmod.de\\\/wp-content\\\/uploads\\\/800_MLB-2.jpg\"},{\"@type\":\"BreadcrumbList\",\"@id\":\"https:\\\/\\\/libmod.de\\\/en\\\/about-us\\\/marieluise-beck\\\/#breadcrumb\",\"itemListElement\":[{\"@type\":\"ListItem\",\"position\":1,\"name\":\"Startseite\",\"item\":\"https:\\\/\\\/libmod.de\\\/en\\\/\"},{\"@type\":\"ListItem\",\"position\":2,\"name\":\"About us\",\"item\":\"https:\\\/\\\/libmod.de\\\/en\\\/about-us\\\/\"},{\"@type\":\"ListItem\",\"position\":3,\"name\":\"Marieluise Beck\"}]},{\"@type\":\"WebSite\",\"@id\":\"https:\\\/\\\/libmod.de\\\/#website\",\"url\":\"https:\\\/\\\/libmod.de\\\/\",\"name\":\"libmod.de - Zentrum Liberale Moderne\",\"description\":\"Think Tank f\u00fcr Politik in Berlin\",\"publisher\":{\"@id\":\"https:\\\/\\\/libmod.de\\\/#organization\"},\"potentialAction\":[{\"@type\":\"SearchAction\",\"target\":{\"@type\":\"EntryPoint\",\"urlTemplate\":\"https:\\\/\\\/libmod.de\\\/?s={search_term_string}\"},\"query-input\":{\"@type\":\"PropertyValueSpecification\",\"valueRequired\":true,\"valueName\":\"search_term_string\"}}],\"inLanguage\":\"en-US\"},{\"@type\":\"Organization\",\"@id\":\"https:\\\/\\\/libmod.de\\\/#organization\",\"name\":\"Zentrum Liberale Moderne\",\"url\":\"https:\\\/\\\/libmod.de\\\/\",\"logo\":{\"@type\":\"ImageObject\",\"inLanguage\":\"en-US\",\"@id\":\"https:\\\/\\\/libmod.de\\\/#\\\/schema\\\/logo\\\/image\\\/\",\"url\":\"https:\\\/\\\/libmodredaktion.fra1.digitaloceanspaces.com\\\/wp-content\\\/uploads\\\/20240905145818\\\/LibMod_Logo_XL.jpg\",\"contentUrl\":\"https:\\\/\\\/libmodredaktion.fra1.digitaloceanspaces.com\\\/wp-content\\\/uploads\\\/20240905145818\\\/LibMod_Logo_XL.jpg\",\"width\":1439,\"height\":615,\"caption\":\"Zentrum Liberale Moderne\"},\"image\":{\"@id\":\"https:\\\/\\\/libmod.de\\\/#\\\/schema\\\/logo\\\/image\\\/\"},\"sameAs\":[\"https:\\\/\\\/www.facebook.com\\\/LiberaleModerne\\\/\",\"https:\\\/\\\/x.com\\\/liberalemoderne\",\"https:\\\/\\\/www.youtube.com\\\/channel\\\/UC4Yl_V4pm1LwryD04ky54SA\",\"https:\\\/\\\/www.instagram.com\\\/libmod\\\/\",\"https:\\\/\\\/bsky.app\\\/profile\\\/libmod.de\"],\"description\":\"Das Zentrum Liberale Moderne ist ein politischer Think Tank und eine Debattenplattform. LibMod steht f\u00fcr die Verteidigung und Erneuerung der liberalen Demokratie, f\u00fcr den Aufbruch in die \u00f6kologische Moderne und f\u00fcr eine fundierte Osteuropa-Expertise.\"}]}<\/script>\n<!-- \/ Yoast SEO Premium plugin. -->","yoast_head_json":{"title":"Marieluise Beck - libmod.de - Zentrum Liberale Moderne","robots":{"index":"index","follow":"follow","max-snippet":"max-snippet:-1","max-image-preview":"max-image-preview:large","max-video-preview":"max-video-preview:-1"},"canonical":"https:\/\/libmod.de\/en\/about-us\/marieluise-beck\/","og_locale":"en_US","og_type":"article","og_title":"Marieluise Beck","og_description":"[vc_row][vc_column width=\u201c2\/3\u201d][vc_column_text] Marieluise Beck is a&nbsp;politician of foreign affairs with a&nbsp;focus on Eastern and South-East Europe and well-respected across parties. She is held in high regard as a&nbsp;defender of human...","og_url":"https:\/\/libmod.de\/en\/about-us\/marieluise-beck\/","og_site_name":"libmod.de - Zentrum Liberale Moderne","article_publisher":"https:\/\/www.facebook.com\/LiberaleModerne\/","article_modified_time":"2024-02-07T08:57:42+00:00","og_image":[{"url":"https:\/\/libmod.de\/wp-content\/uploads\/800_MLB-2.jpg","type":"","width":"","height":""}],"twitter_card":"summary_large_image","twitter_site":"@liberalemoderne","twitter_misc":{"Est. reading time":"2 minutes"},"schema":{"@context":"https:\/\/schema.org","@graph":[{"@type":"WebPage","@id":"https:\/\/libmod.de\/en\/about-us\/marieluise-beck\/","url":"https:\/\/libmod.de\/en\/about-us\/marieluise-beck\/","name":"Marieluise Beck - libmod.de - Zentrum Liberale Moderne","isPartOf":{"@id":"https:\/\/libmod.de\/#website"},"primaryImageOfPage":{"@id":"https:\/\/libmod.de\/en\/about-us\/marieluise-beck\/#primaryimage"},"image":{"@id":"https:\/\/libmod.de\/en\/about-us\/marieluise-beck\/#primaryimage"},"thumbnailUrl":"https:\/\/libmod.de\/wp-content\/uploads\/800_MLB-2.jpg","datePublished":"2018-04-05T15:32:35+00:00","dateModified":"2024-02-07T08:57:42+00:00","breadcrumb":{"@id":"https:\/\/libmod.de\/en\/about-us\/marieluise-beck\/#breadcrumb"},"inLanguage":"en-US","potentialAction":[{"@type":"ReadAction","target":["https:\/\/libmod.de\/en\/about-us\/marieluise-beck\/"]}]},{"@type":"ImageObject","inLanguage":"en-US","@id":"https:\/\/libmod.de\/en\/about-us\/marieluise-beck\/#primaryimage","url":"https:\/\/libmod.de\/wp-content\/uploads\/800_MLB-2.jpg","contentUrl":"https:\/\/libmod.de\/wp-content\/uploads\/800_MLB-2.jpg"},{"@type":"BreadcrumbList","@id":"https:\/\/libmod.de\/en\/about-us\/marieluise-beck\/#breadcrumb","itemListElement":[{"@type":"ListItem","position":1,"name":"Startseite","item":"https:\/\/libmod.de\/en\/"},{"@type":"ListItem","position":2,"name":"About us","item":"https:\/\/libmod.de\/en\/about-us\/"},{"@type":"ListItem","position":3,"name":"Marieluise Beck"}]},{"@type":"WebSite","@id":"https:\/\/libmod.de\/#website","url":"https:\/\/libmod.de\/","name":"libmod.de - Zentrum Liberale Moderne","description":"Think Tank f\u00fcr Politik in Berlin","publisher":{"@id":"https:\/\/libmod.de\/#organization"},"potentialAction":[{"@type":"SearchAction","target":{"@type":"EntryPoint","urlTemplate":"https:\/\/libmod.de\/?s={search_term_string}"},"query-input":{"@type":"PropertyValueSpecification","valueRequired":true,"valueName":"search_term_string"}}],"inLanguage":"en-US"},{"@type":"Organization","@id":"https:\/\/libmod.de\/#organization","name":"Zentrum Liberale Moderne","url":"https:\/\/libmod.de\/","logo":{"@type":"ImageObject","inLanguage":"en-US","@id":"https:\/\/libmod.de\/#\/schema\/logo\/image\/","url":"https:\/\/libmodredaktion.fra1.digitaloceanspaces.com\/wp-content\/uploads\/20240905145818\/LibMod_Logo_XL.jpg","contentUrl":"https:\/\/libmodredaktion.fra1.digitaloceanspaces.com\/wp-content\/uploads\/20240905145818\/LibMod_Logo_XL.jpg","width":1439,"height":615,"caption":"Zentrum Liberale Moderne"},"image":{"@id":"https:\/\/libmod.de\/#\/schema\/logo\/image\/"},"sameAs":["https:\/\/www.facebook.com\/LiberaleModerne\/","https:\/\/x.com\/liberalemoderne","https:\/\/www.youtube.com\/channel\/UC4Yl_V4pm1LwryD04ky54SA","https:\/\/www.instagram.com\/libmod\/","https:\/\/bsky.app\/profile\/libmod.de"],"description":"Das Zentrum Liberale Moderne ist ein politischer Think Tank und eine Debattenplattform. LibMod steht f\u00fcr die Verteidigung und Erneuerung der liberalen Demokratie, f\u00fcr den Aufbruch in die \u00f6kologische Moderne und f\u00fcr eine fundierte Osteuropa-Expertise."}]}},"_links":{"self":[{"href":"https:\/\/libmod.de\/en\/wp-json\/wp\/v2\/pages\/27079","targetHints":{"allow":["GET"]}}],"collection":[{"href":"https:\/\/libmod.de\/en\/wp-json\/wp\/v2\/pages"}],"about":[{"href":"https:\/\/libmod.de\/en\/wp-json\/wp\/v2\/types\/page"}],"author":[{"embeddable":true,"href":"https:\/\/libmod.de\/en\/wp-json\/wp\/v2\/users\/257"}],"replies":[{"embeddable":true,"href":"https:\/\/libmod.de\/en\/wp-json\/wp\/v2\/comments?post=27079"}],"version-history":[{"count":2,"href":"https:\/\/libmod.de\/en\/wp-json\/wp\/v2\/pages\/27079\/revisions"}],"predecessor-version":[{"id":61146,"href":"https:\/\/libmod.de\/en\/wp-json\/wp\/v2\/pages\/27079\/revisions\/61146"}],"up":[{"embeddable":true,"href":"https:\/\/libmod.de\/en\/wp-json\/wp\/v2\/pages\/26877"}],"wp:attachment":[{"href":"https:\/\/libmod.de\/en\/wp-json\/wp\/v2\/media?parent=27079"}],"curies":[{"name":"wp","href":"https:\/\/api.w.org\/{rel}","templated":true}]}}

<div class="wpb-content-wrapper"><p>[vc_row][vc_column width=“2/3”][vc_column_text]</p>
<div class="mceTemp"></div>
<p>Marieluise Beck is a&nbsp;politician of foreign affairs with a&nbsp;focus on Eastern and South-East Europe and well-respected across parties. She is held in high regard as a&nbsp;defender of human rights-oriented foreign and security politics and has broad networks in politics and civil society in Russia, Ukraine and South-East&nbsp;Europe.</p>
<p>In addition to her political work she has repeatedly devoted herself to human­i­tarian causes. She carries the Order of Merit with Ribbon of the Federal Republic of Germany. In 2016 she was awarded the Ramer Award for Courage in the Defence of Democracy by the American Jewish Committee (AJC).</p>
<p>She was spokesperson of the first green parlia­mentary group in 1983, member of the parliament from 1983 to 2017 and member of the committee on foreign affairs since 2005. She was appointed respon­sible for migration within the green and red government and was parlia­mentary state secretary in the ministry for employment. In addition, she was a&nbsp;member of the Parlia­mentary Assembly of the Council of Europe. There she joined the “Alliance of Liberals and Democrats for Europe” (ALDE). She is a&nbsp;board member of the “Peters­burger Dialog”. During the Serbian-Bosnian conflict, she founded the organ­i­sation “Brücke der Hoffnung” (Bridge of Hope), which has applied more than 10 million Euro for human­i­tarian projects by&nbsp;now.</p>
<h2>Links</h2>
<p>facebook:&nbsp;<a href="https://www.facebook.com/marieluise.beck">https://www.facebook.com/marieluise.beck</a></p>
<p>twitter: <a href="https://twitter.com/marieluisebeck">https://twitter.com/marieluisebeck</a>[/vc_column_text][/vc_column][vc_column width=“1/3”][vc_column_text]<img class="alignnone wp-image-61143 size-full" src="https://libmodredaktion.fra1.digitaloceanspaces.com/wp-content/uploads/20240905141438/800_MLB-2.jpg" alt width="1200" height="800" srcset="https://libmodredaktion.fra1.digitaloceanspaces.com/wp-content/uploads/20240905141438/800_MLB-2.jpg 1200w, https://libmodredaktion.fra1.digitaloceanspaces.com/wp-content/uploads/20240905141438/800_MLB-2-770x513.jpg 770w, https://libmodredaktion.fra1.digitaloceanspaces.com/wp-content/uploads/20240905141438/800_MLB-2-768x512.jpg 768w" sizes="(max-width: 1200px) 100vw, 1200px"></p>
<p>[/vc_column_text][/vc_column][/vc_row]</p>
</div>

<!-- This site is optimized with the Yoast SEO Premium plugin v27.4 (Yoast SEO v27.5) - https://yoast.com/product/yoast-seo-premium-wordpress/ -->
<title>Marieluise Beck - libmod.de - Zentrum Liberale Moderne</title>
<meta name="robots" content="index, follow, max-snippet:-1, max-image-preview:large, max-video-preview:-1" />
<link rel="canonical" href="https://libmod.de/en/about-us/marieluise-beck/" />
<meta property="og:locale" content="en_US" />
<meta property="og:type" content="article" />
<meta property="og:title" content="Marieluise Beck" />
<meta property="og:description" content="[vc_row][vc_column width=“2/3”][vc_column_text] Marieluise Beck is a&nbsp;politician of foreign affairs with a&nbsp;focus on Eastern and South-East Europe and well-respected across parties. She is held in high regard as a&nbsp;defender of human..." />
<meta property="og:url" content="https://libmod.de/en/about-us/marieluise-beck/" />
<meta property="og:site_name" content="libmod.de - Zentrum Liberale Moderne" />
<meta property="article:publisher" content="https://www.facebook.com/LiberaleModerne/" />
<meta property="article:modified_time" content="2024-02-07T08:57:42+00:00" />
<meta property="og:image" content="https://libmod.de/wp-content/uploads/800_MLB-2.jpg" />
<meta name="twitter:card" content="summary_large_image" />
<meta name="twitter:site" content="@liberalemoderne" />
<meta name="twitter:label1" content="Est. reading time" />
	<meta name="twitter:data1" content="2 minutes" />
<script type="application/ld+json" class="yoast-schema-graph">{"@context":"https:\/\/schema.org","@graph":[{"@type":"WebPage","@id":"https:\/\/libmod.de\/en\/about-us\/marieluise-beck\/","url":"https:\/\/libmod.de\/en\/about-us\/marieluise-beck\/","name":"Marieluise Beck - libmod.de - Zentrum Liberale Moderne","isPartOf":{"@id":"https:\/\/libmod.de\/#website"},"primaryImageOfPage":{"@id":"https:\/\/libmod.de\/en\/about-us\/marieluise-beck\/#primaryimage"},"image":{"@id":"https:\/\/libmod.de\/en\/about-us\/marieluise-beck\/#primaryimage"},"thumbnailUrl":"https:\/\/libmod.de\/wp-content\/uploads\/800_MLB-2.jpg","datePublished":"2018-04-05T15:32:35+00:00","dateModified":"2024-02-07T08:57:42+00:00","breadcrumb":{"@id":"https:\/\/libmod.de\/en\/about-us\/marieluise-beck\/#breadcrumb"},"inLanguage":"en-US","potentialAction":[{"@type":"ReadAction","target":["https:\/\/libmod.de\/en\/about-us\/marieluise-beck\/"]}]},{"@type":"ImageObject","inLanguage":"en-US","@id":"https:\/\/libmod.de\/en\/about-us\/marieluise-beck\/#primaryimage","url":"https:\/\/libmod.de\/wp-content\/uploads\/800_MLB-2.jpg","contentUrl":"https:\/\/libmod.de\/wp-content\/uploads\/800_MLB-2.jpg"},{"@type":"BreadcrumbList","@id":"https:\/\/libmod.de\/en\/about-us\/marieluise-beck\/#breadcrumb","itemListElement":[{"@type":"ListItem","position":1,"name":"Startseite","item":"https:\/\/libmod.de\/en\/"},{"@type":"ListItem","position":2,"name":"About us","item":"https:\/\/libmod.de\/en\/about-us\/"},{"@type":"ListItem","position":3,"name":"Marieluise Beck"}]},{"@type":"WebSite","@id":"https:\/\/libmod.de\/#website","url":"https:\/\/libmod.de\/","name":"libmod.de - Zentrum Liberale Moderne","description":"Think Tank für Politik in Berlin","publisher":{"@id":"https:\/\/libmod.de\/#organization"},"potentialAction":[{"@type":"SearchAction","target":{"@type":"EntryPoint","urlTemplate":"https:\/\/libmod.de\/?s={search_term_string}"},"query-input":{"@type":"PropertyValueSpecification","valueRequired":true,"valueName":"search_term_string"}}],"inLanguage":"en-US"},{"@type":"Organization","@id":"https:\/\/libmod.de\/#organization","name":"Zentrum Liberale Moderne","url":"https:\/\/libmod.de\/","logo":{"@type":"ImageObject","inLanguage":"en-US","@id":"https:\/\/libmod.de\/#\/schema\/logo\/image\/","url":"https:\/\/libmodredaktion.fra1.digitaloceanspaces.com\/wp-content\/uploads\/20240905145818\/LibMod_Logo_XL.jpg","contentUrl":"https:\/\/libmodredaktion.fra1.digitaloceanspaces.com\/wp-content\/uploads\/20240905145818\/LibMod_Logo_XL.jpg","width":1439,"height":615,"caption":"Zentrum Liberale Moderne"},"image":{"@id":"https:\/\/libmod.de\/#\/schema\/logo\/image\/"},"sameAs":["https:\/\/www.facebook.com\/LiberaleModerne\/","https:\/\/x.com\/liberalemoderne","https:\/\/www.youtube.com\/channel\/UC4Yl_V4pm1LwryD04ky54SA","https:\/\/www.instagram.com\/libmod\/","https:\/\/bsky.app\/profile\/libmod.de"],"description":"Das Zentrum Liberale Moderne ist ein politischer Think Tank und eine Debattenplattform. LibMod steht für die Verteidigung und Erneuerung der liberalen Demokratie, für den Aufbruch in die ökologische Moderne und für eine fundierte Osteuropa-Expertise."}]}</script>
<!-- / Yoast SEO Premium plugin. -->

Think Tank für Politik in Berlin

Das Zentrum Liberale Moderne ist ein politischer Think Tank und eine Debattenplattform. LibMod steht für die Verteidigung und Erneuerung der liberalen Demokratie, für den Aufbruch in die ökologische Moderne und für eine fundierte Osteuropa-Expertise.
