{"id":27246,"date":"2018-04-14T22:51:54","date_gmt":"2018-04-14T20:51:54","guid":{"rendered":"http:\/\/libmod.de\/?page_id=27246"},"modified":"2026-03-07T23:52:59","modified_gmt":"2026-03-07T22:52:59","slug":"shareholder","status":"publish","type":"page","link":"https:\/\/libmod.de\/en\/about-us\/shareholder\/","title":{"rendered":"Partners"},"content":{"rendered":"<div class=\"wpb-content-wrapper\"><p>[vc_row][vc_column width=\u201c1\/6\u201d][\/vc_column][vc_column width=\u201c3\/6\u201d][vc_column_text css=\u201c\u201d]<strong>Ralf F\u00fccks<br>\n<\/strong>Managing Partner<br>\nformer Head of Heinrich Boell&nbsp;Foundation<br>\nformer Senator City-State of&nbsp;Bremen<\/p>\n<p><strong>Marieluise Beck<br>\n<\/strong>Former Member of the German&nbsp;Bundestag<br>\nformer Parlia\u00admentary State&nbsp;Secretary<\/p>\n<p><strong>Deidre Berger<br>\n<\/strong>Share\u00adholder, Tikvah Institute,&nbsp;Berlin<\/p>\n<p><strong>Hans Fleisch<br>\n<\/strong>Professor, Lawyer\/\u200bOf Counsel at Flick Gocke&nbsp;Schaumburg<br>\nformer General Secretary of Associ\u00adation of German Foundations<\/p>\n<p><strong>Maritta Koch-Weser, PhD<br>\n<\/strong>Founder &amp;&nbsp;President, Earth3000&nbsp;gGmbH<\/p>\n<p><strong>Sabine Leutheusser-Schnar\u00adren\u00adberger<br>\n<\/strong>Deputy Chair\u00adperson of the Friedrich-Naumann-Foundation for&nbsp;Freedom<\/p>\n<p><strong>Karin Prien<\/strong> (Membership suspended*)<br>\nFederal Minister of Education, Family Affairs, Senior Citizens, Women and&nbsp;Youth<\/p>\n<p><strong>Matthias von&nbsp;Randow<\/strong><br>\nFormer State Secretary at the Federal Ministry of Transport, Building and Urban Development<\/p>\n<p><strong>Gert Weisskirchen<br>\n<\/strong>Professor, Former Member of&nbsp;Parliament<br>\nEastern Europe&nbsp;expert<\/p>\n<p>* Karin Prien is suspending her membership and voting rights as a&nbsp;share\u00adholder in the Zentrum f\u00fcr die liberale Moderne gGmbH for the duration of her term as Federal Minister of Education, Family, Seniors, Women, and Youth.[\/vc_column_text][\/vc_column][vc_column width=\u201c2\/6\u201d][\/vc_column][\/vc_row]<\/p>\n<\/div>","protected":false},"excerpt":{"rendered":"<p>[vc_row][vc_column width=\u201c1\/6\u201d][\/vc_column][vc_column width=\u201c3\/6\u201d][vc_column_text css=\u201c\u201d]Ralf F\u00fccks Managing Partner former Head of Heinrich Boell&nbsp;Foundation former Senator City-State of&nbsp;Bremen Marieluise Beck Former Member of the German&nbsp;Bundestag former Parlia\u00admentary State&nbsp;Secretary Deidre Berger Share\u00adholder,&nbsp;Tikvah...<\/p>\n","protected":false},"author":257,"featured_media":0,"parent":26877,"menu_order":2,"comment_status":"closed","ping_status":"closed","template":"","meta":{"_acf_changed":false,"wp_typography_post_enhancements_disabled":false,"footnotes":""},"class_list":["post-27246","page","type-page","status-publish"],"acf":[],"yoast_head":"<!-- This site is optimized with the Yoast SEO Premium plugin v27.4 (Yoast SEO v27.5) - https:\/\/yoast.com\/product\/yoast-seo-premium-wordpress\/ -->\n<title>Partners - libmod.de - Zentrum Liberale Moderne<\/title>\n<meta name=\"robots\" content=\"index, follow, max-snippet:-1, max-image-preview:large, max-video-preview:-1\" \/>\n<link rel=\"canonical\" href=\"https:\/\/libmod.de\/en\/about-us\/shareholder\/\" \/>\n<meta property=\"og:locale\" content=\"en_US\" \/>\n<meta property=\"og:type\" content=\"article\" \/>\n<meta property=\"og:title\" content=\"Partners\" \/>\n<meta property=\"og:description\" content=\"[vc_row][vc_column width=\u201c1\/6\u201d][\/vc_column][vc_column width=\u201c3\/6\u201d][vc_column_text css=\u201c\u201d]Ralf F\u00fccks Managing Partner former Head of Heinrich Boell&nbsp;Foundation former Senator City-State of&nbsp;Bremen Marieluise Beck Former Member of the German&nbsp;Bundestag former Parlia\u00admentary State&nbsp;Secretary Deidre Berger Share\u00adholder, Tikvah...\" \/>\n<meta property=\"og:url\" content=\"https:\/\/libmod.de\/en\/about-us\/shareholder\/\" \/>\n<meta property=\"og:site_name\" content=\"libmod.de - Zentrum Liberale Moderne\" \/>\n<meta property=\"article:publisher\" content=\"https:\/\/www.facebook.com\/LiberaleModerne\/\" \/>\n<meta property=\"article:modified_time\" content=\"2026-03-07T22:52:59+00:00\" \/>\n<meta name=\"twitter:card\" content=\"summary_large_image\" \/>\n<meta name=\"twitter:site\" content=\"@liberalemoderne\" \/>\n<meta name=\"twitter:label1\" content=\"Est. reading time\" \/>\n\t<meta name=\"twitter:data1\" content=\"1 minute\" \/>\n<script type=\"application\/ld+json\" class=\"yoast-schema-graph\">{\"@context\":\"https:\\\/\\\/schema.org\",\"@graph\":[{\"@type\":\"WebPage\",\"@id\":\"https:\\\/\\\/libmod.de\\\/en\\\/about-us\\\/shareholder\\\/\",\"url\":\"https:\\\/\\\/libmod.de\\\/en\\\/about-us\\\/shareholder\\\/\",\"name\":\"Partners - libmod.de - Zentrum Liberale Moderne\",\"isPartOf\":{\"@id\":\"https:\\\/\\\/libmod.de\\\/#website\"},\"datePublished\":\"2018-04-14T20:51:54+00:00\",\"dateModified\":\"2026-03-07T22:52:59+00:00\",\"breadcrumb\":{\"@id\":\"https:\\\/\\\/libmod.de\\\/en\\\/about-us\\\/shareholder\\\/#breadcrumb\"},\"inLanguage\":\"en-US\",\"potentialAction\":[{\"@type\":\"ReadAction\",\"target\":[\"https:\\\/\\\/libmod.de\\\/en\\\/about-us\\\/shareholder\\\/\"]}]},{\"@type\":\"BreadcrumbList\",\"@id\":\"https:\\\/\\\/libmod.de\\\/en\\\/about-us\\\/shareholder\\\/#breadcrumb\",\"itemListElement\":[{\"@type\":\"ListItem\",\"position\":1,\"name\":\"Startseite\",\"item\":\"https:\\\/\\\/libmod.de\\\/en\\\/\"},{\"@type\":\"ListItem\",\"position\":2,\"name\":\"About us\",\"item\":\"https:\\\/\\\/libmod.de\\\/en\\\/about-us\\\/\"},{\"@type\":\"ListItem\",\"position\":3,\"name\":\"Partners\"}]},{\"@type\":\"WebSite\",\"@id\":\"https:\\\/\\\/libmod.de\\\/#website\",\"url\":\"https:\\\/\\\/libmod.de\\\/\",\"name\":\"libmod.de - Zentrum Liberale Moderne\",\"description\":\"Think Tank f\u00fcr Politik in Berlin\",\"publisher\":{\"@id\":\"https:\\\/\\\/libmod.de\\\/#organization\"},\"potentialAction\":[{\"@type\":\"SearchAction\",\"target\":{\"@type\":\"EntryPoint\",\"urlTemplate\":\"https:\\\/\\\/libmod.de\\\/?s={search_term_string}\"},\"query-input\":{\"@type\":\"PropertyValueSpecification\",\"valueRequired\":true,\"valueName\":\"search_term_string\"}}],\"inLanguage\":\"en-US\"},{\"@type\":\"Organization\",\"@id\":\"https:\\\/\\\/libmod.de\\\/#organization\",\"name\":\"Zentrum Liberale Moderne\",\"url\":\"https:\\\/\\\/libmod.de\\\/\",\"logo\":{\"@type\":\"ImageObject\",\"inLanguage\":\"en-US\",\"@id\":\"https:\\\/\\\/libmod.de\\\/#\\\/schema\\\/logo\\\/image\\\/\",\"url\":\"https:\\\/\\\/libmodredaktion.fra1.digitaloceanspaces.com\\\/wp-content\\\/uploads\\\/20240905145818\\\/LibMod_Logo_XL.jpg\",\"contentUrl\":\"https:\\\/\\\/libmodredaktion.fra1.digitaloceanspaces.com\\\/wp-content\\\/uploads\\\/20240905145818\\\/LibMod_Logo_XL.jpg\",\"width\":1439,\"height\":615,\"caption\":\"Zentrum Liberale Moderne\"},\"image\":{\"@id\":\"https:\\\/\\\/libmod.de\\\/#\\\/schema\\\/logo\\\/image\\\/\"},\"sameAs\":[\"https:\\\/\\\/www.facebook.com\\\/LiberaleModerne\\\/\",\"https:\\\/\\\/x.com\\\/liberalemoderne\",\"https:\\\/\\\/www.youtube.com\\\/channel\\\/UC4Yl_V4pm1LwryD04ky54SA\",\"https:\\\/\\\/www.instagram.com\\\/libmod\\\/\",\"https:\\\/\\\/bsky.app\\\/profile\\\/libmod.de\"],\"description\":\"Das Zentrum Liberale Moderne ist ein politischer Think Tank und eine Debattenplattform. LibMod steht f\u00fcr die Verteidigung und Erneuerung der liberalen Demokratie, f\u00fcr den Aufbruch in die \u00f6kologische Moderne und f\u00fcr eine fundierte Osteuropa-Expertise.\"}]}<\/script>\n<!-- \/ Yoast SEO Premium plugin. -->","yoast_head_json":{"title":"Partners - libmod.de - Zentrum Liberale Moderne","robots":{"index":"index","follow":"follow","max-snippet":"max-snippet:-1","max-image-preview":"max-image-preview:large","max-video-preview":"max-video-preview:-1"},"canonical":"https:\/\/libmod.de\/en\/about-us\/shareholder\/","og_locale":"en_US","og_type":"article","og_title":"Partners","og_description":"[vc_row][vc_column width=\u201c1\/6\u201d][\/vc_column][vc_column width=\u201c3\/6\u201d][vc_column_text css=\u201c\u201d]Ralf F\u00fccks Managing Partner former Head of Heinrich Boell&nbsp;Foundation former Senator City-State of&nbsp;Bremen Marieluise Beck Former Member of the German&nbsp;Bundestag former Parlia\u00admentary State&nbsp;Secretary Deidre Berger Share\u00adholder, Tikvah...","og_url":"https:\/\/libmod.de\/en\/about-us\/shareholder\/","og_site_name":"libmod.de - Zentrum Liberale Moderne","article_publisher":"https:\/\/www.facebook.com\/LiberaleModerne\/","article_modified_time":"2026-03-07T22:52:59+00:00","twitter_card":"summary_large_image","twitter_site":"@liberalemoderne","twitter_misc":{"Est. reading time":"1 minute"},"schema":{"@context":"https:\/\/schema.org","@graph":[{"@type":"WebPage","@id":"https:\/\/libmod.de\/en\/about-us\/shareholder\/","url":"https:\/\/libmod.de\/en\/about-us\/shareholder\/","name":"Partners - libmod.de - Zentrum Liberale Moderne","isPartOf":{"@id":"https:\/\/libmod.de\/#website"},"datePublished":"2018-04-14T20:51:54+00:00","dateModified":"2026-03-07T22:52:59+00:00","breadcrumb":{"@id":"https:\/\/libmod.de\/en\/about-us\/shareholder\/#breadcrumb"},"inLanguage":"en-US","potentialAction":[{"@type":"ReadAction","target":["https:\/\/libmod.de\/en\/about-us\/shareholder\/"]}]},{"@type":"BreadcrumbList","@id":"https:\/\/libmod.de\/en\/about-us\/shareholder\/#breadcrumb","itemListElement":[{"@type":"ListItem","position":1,"name":"Startseite","item":"https:\/\/libmod.de\/en\/"},{"@type":"ListItem","position":2,"name":"About us","item":"https:\/\/libmod.de\/en\/about-us\/"},{"@type":"ListItem","position":3,"name":"Partners"}]},{"@type":"WebSite","@id":"https:\/\/libmod.de\/#website","url":"https:\/\/libmod.de\/","name":"libmod.de - Zentrum Liberale Moderne","description":"Think Tank f\u00fcr Politik in Berlin","publisher":{"@id":"https:\/\/libmod.de\/#organization"},"potentialAction":[{"@type":"SearchAction","target":{"@type":"EntryPoint","urlTemplate":"https:\/\/libmod.de\/?s={search_term_string}"},"query-input":{"@type":"PropertyValueSpecification","valueRequired":true,"valueName":"search_term_string"}}],"inLanguage":"en-US"},{"@type":"Organization","@id":"https:\/\/libmod.de\/#organization","name":"Zentrum Liberale Moderne","url":"https:\/\/libmod.de\/","logo":{"@type":"ImageObject","inLanguage":"en-US","@id":"https:\/\/libmod.de\/#\/schema\/logo\/image\/","url":"https:\/\/libmodredaktion.fra1.digitaloceanspaces.com\/wp-content\/uploads\/20240905145818\/LibMod_Logo_XL.jpg","contentUrl":"https:\/\/libmodredaktion.fra1.digitaloceanspaces.com\/wp-content\/uploads\/20240905145818\/LibMod_Logo_XL.jpg","width":1439,"height":615,"caption":"Zentrum Liberale Moderne"},"image":{"@id":"https:\/\/libmod.de\/#\/schema\/logo\/image\/"},"sameAs":["https:\/\/www.facebook.com\/LiberaleModerne\/","https:\/\/x.com\/liberalemoderne","https:\/\/www.youtube.com\/channel\/UC4Yl_V4pm1LwryD04ky54SA","https:\/\/www.instagram.com\/libmod\/","https:\/\/bsky.app\/profile\/libmod.de"],"description":"Das Zentrum Liberale Moderne ist ein politischer Think Tank und eine Debattenplattform. LibMod steht f\u00fcr die Verteidigung und Erneuerung der liberalen Demokratie, f\u00fcr den Aufbruch in die \u00f6kologische Moderne und f\u00fcr eine fundierte Osteuropa-Expertise."}]}},"_links":{"self":[{"href":"https:\/\/libmod.de\/en\/wp-json\/wp\/v2\/pages\/27246","targetHints":{"allow":["GET"]}}],"collection":[{"href":"https:\/\/libmod.de\/en\/wp-json\/wp\/v2\/pages"}],"about":[{"href":"https:\/\/libmod.de\/en\/wp-json\/wp\/v2\/types\/page"}],"author":[{"embeddable":true,"href":"https:\/\/libmod.de\/en\/wp-json\/wp\/v2\/users\/257"}],"replies":[{"embeddable":true,"href":"https:\/\/libmod.de\/en\/wp-json\/wp\/v2\/comments?post=27246"}],"version-history":[{"count":10,"href":"https:\/\/libmod.de\/en\/wp-json\/wp\/v2\/pages\/27246\/revisions"}],"predecessor-version":[{"id":77761,"href":"https:\/\/libmod.de\/en\/wp-json\/wp\/v2\/pages\/27246\/revisions\/77761"}],"up":[{"embeddable":true,"href":"https:\/\/libmod.de\/en\/wp-json\/wp\/v2\/pages\/26877"}],"wp:attachment":[{"href":"https:\/\/libmod.de\/en\/wp-json\/wp\/v2\/media?parent=27246"}],"curies":[{"name":"wp","href":"https:\/\/api.w.org\/{rel}","templated":true}]}}

<div class="wpb-content-wrapper"><p>[vc_row][vc_column width=“1/6”][/vc_column][vc_column width=“3/6”][vc_column_text css=“”]<strong>Ralf Fücks<br>
</strong>Managing Partner<br>
former Head of Heinrich Boell&nbsp;Foundation<br>
former Senator City-State of&nbsp;Bremen</p>
<p><strong>Marieluise Beck<br>
</strong>Former Member of the German&nbsp;Bundestag<br>
former Parlia­mentary State&nbsp;Secretary</p>
<p><strong>Deidre Berger<br>
</strong>Share­holder, Tikvah Institute,&nbsp;Berlin</p>
<p><strong>Hans Fleisch<br>
</strong>Professor, Lawyer/​Of Counsel at Flick Gocke&nbsp;Schaumburg<br>
former General Secretary of Associ­ation of German Foundations</p>
<p><strong>Maritta Koch-Weser, PhD<br>
</strong>Founder &amp;&nbsp;President, Earth3000&nbsp;gGmbH</p>
<p><strong>Sabine Leutheusser-Schnar­ren­berger<br>
</strong>Deputy Chair­person of the Friedrich-Naumann-Foundation for&nbsp;Freedom</p>
<p><strong>Karin Prien</strong> (Membership suspended*)<br>
Federal Minister of Education, Family Affairs, Senior Citizens, Women and&nbsp;Youth</p>
<p><strong>Matthias von&nbsp;Randow</strong><br>
Former State Secretary at the Federal Ministry of Transport, Building and Urban Development</p>
<p><strong>Gert Weisskirchen<br>
</strong>Professor, Former Member of&nbsp;Parliament<br>
Eastern Europe&nbsp;expert</p>
<p>* Karin Prien is suspending her membership and voting rights as a&nbsp;share­holder in the Zentrum für die liberale Moderne gGmbH for the duration of her term as Federal Minister of Education, Family, Seniors, Women, and Youth.[/vc_column_text][/vc_column][vc_column width=“2/6”][/vc_column][/vc_row]</p>
</div>

<p>[vc_row][vc_column width=“1/6”][/vc_column][vc_column width=“3/6”][vc_column_text css=“”]Ralf Fücks Managing Partner former Head of Heinrich Boell&nbsp;Foundation former Senator City-State of&nbsp;Bremen Marieluise Beck Former Member of the German&nbsp;Bundestag former Parlia­mentary State&nbsp;Secretary Deidre Berger Share­holder,&nbsp;Tikvah...</p>

<!-- This site is optimized with the Yoast SEO Premium plugin v27.4 (Yoast SEO v27.5) - https://yoast.com/product/yoast-seo-premium-wordpress/ -->
<title>Partners - libmod.de - Zentrum Liberale Moderne</title>
<meta name="robots" content="index, follow, max-snippet:-1, max-image-preview:large, max-video-preview:-1" />
<link rel="canonical" href="https://libmod.de/en/about-us/shareholder/" />
<meta property="og:locale" content="en_US" />
<meta property="og:type" content="article" />
<meta property="og:title" content="Partners" />
<meta property="og:description" content="[vc_row][vc_column width=“1/6”][/vc_column][vc_column width=“3/6”][vc_column_text css=“”]Ralf Fücks Managing Partner former Head of Heinrich Boell&nbsp;Foundation former Senator City-State of&nbsp;Bremen Marieluise Beck Former Member of the German&nbsp;Bundestag former Parlia­mentary State&nbsp;Secretary Deidre Berger Share­holder, Tikvah..." />
<meta property="og:url" content="https://libmod.de/en/about-us/shareholder/" />
<meta property="og:site_name" content="libmod.de - Zentrum Liberale Moderne" />
<meta property="article:publisher" content="https://www.facebook.com/LiberaleModerne/" />
<meta property="article:modified_time" content="2026-03-07T22:52:59+00:00" />
<meta name="twitter:card" content="summary_large_image" />
<meta name="twitter:site" content="@liberalemoderne" />
<meta name="twitter:label1" content="Est. reading time" />
	<meta name="twitter:data1" content="1 minute" />
<script type="application/ld+json" class="yoast-schema-graph">{"@context":"https:\/\/schema.org","@graph":[{"@type":"WebPage","@id":"https:\/\/libmod.de\/en\/about-us\/shareholder\/","url":"https:\/\/libmod.de\/en\/about-us\/shareholder\/","name":"Partners - libmod.de - Zentrum Liberale Moderne","isPartOf":{"@id":"https:\/\/libmod.de\/#website"},"datePublished":"2018-04-14T20:51:54+00:00","dateModified":"2026-03-07T22:52:59+00:00","breadcrumb":{"@id":"https:\/\/libmod.de\/en\/about-us\/shareholder\/#breadcrumb"},"inLanguage":"en-US","potentialAction":[{"@type":"ReadAction","target":["https:\/\/libmod.de\/en\/about-us\/shareholder\/"]}]},{"@type":"BreadcrumbList","@id":"https:\/\/libmod.de\/en\/about-us\/shareholder\/#breadcrumb","itemListElement":[{"@type":"ListItem","position":1,"name":"Startseite","item":"https:\/\/libmod.de\/en\/"},{"@type":"ListItem","position":2,"name":"About us","item":"https:\/\/libmod.de\/en\/about-us\/"},{"@type":"ListItem","position":3,"name":"Partners"}]},{"@type":"WebSite","@id":"https:\/\/libmod.de\/#website","url":"https:\/\/libmod.de\/","name":"libmod.de - Zentrum Liberale Moderne","description":"Think Tank für Politik in Berlin","publisher":{"@id":"https:\/\/libmod.de\/#organization"},"potentialAction":[{"@type":"SearchAction","target":{"@type":"EntryPoint","urlTemplate":"https:\/\/libmod.de\/?s={search_term_string}"},"query-input":{"@type":"PropertyValueSpecification","valueRequired":true,"valueName":"search_term_string"}}],"inLanguage":"en-US"},{"@type":"Organization","@id":"https:\/\/libmod.de\/#organization","name":"Zentrum Liberale Moderne","url":"https:\/\/libmod.de\/","logo":{"@type":"ImageObject","inLanguage":"en-US","@id":"https:\/\/libmod.de\/#\/schema\/logo\/image\/","url":"https:\/\/libmodredaktion.fra1.digitaloceanspaces.com\/wp-content\/uploads\/20240905145818\/LibMod_Logo_XL.jpg","contentUrl":"https:\/\/libmodredaktion.fra1.digitaloceanspaces.com\/wp-content\/uploads\/20240905145818\/LibMod_Logo_XL.jpg","width":1439,"height":615,"caption":"Zentrum Liberale Moderne"},"image":{"@id":"https:\/\/libmod.de\/#\/schema\/logo\/image\/"},"sameAs":["https:\/\/www.facebook.com\/LiberaleModerne\/","https:\/\/x.com\/liberalemoderne","https:\/\/www.youtube.com\/channel\/UC4Yl_V4pm1LwryD04ky54SA","https:\/\/www.instagram.com\/libmod\/","https:\/\/bsky.app\/profile\/libmod.de"],"description":"Das Zentrum Liberale Moderne ist ein politischer Think Tank und eine Debattenplattform. LibMod steht für die Verteidigung und Erneuerung der liberalen Demokratie, für den Aufbruch in die ökologische Moderne und für eine fundierte Osteuropa-Expertise."}]}</script>
<!-- / Yoast SEO Premium plugin. -->

[vc_row][vc_column width=“1/6”][/vc_column][vc_column width=“3/6”][vc_column_text css=“”]Ralf Fücks Managing Partner former Head of Heinrich Boell&nbsp;Foundation former Senator City-State of&nbsp;Bremen Marieluise Beck Former Member of the German&nbsp;Bundestag former Parlia­mentary State&nbsp;Secretary Deidre Berger Share­holder, Tikvah...

Think Tank für Politik in Berlin

Das Zentrum Liberale Moderne ist ein politischer Think Tank und eine Debattenplattform. LibMod steht für die Verteidigung und Erneuerung der liberalen Demokratie, für den Aufbruch in die ökologische Moderne und für eine fundierte Osteuropa-Expertise.
