{"id":47943,"date":"2022-07-19T10:06:37","date_gmt":"2022-07-19T08:06:37","guid":{"rendered":"https:\/\/libmod.de\/ueber-uns\/aysel-aliyeva-copy\/"},"modified":"2025-03-06T20:39:27","modified_gmt":"2025-03-06T19:39:27","slug":"bruno-naredo","status":"publish","type":"page","link":"https:\/\/libmod.de\/en\/bruno-naredo\/","title":{"rendered":"Bruno Naredo"},"content":{"rendered":"<div class=\"wpb-content-wrapper\"><p>[vc_row][vc_column][vc_column_text css=\u201d.vc_custom_1741289960818{margin-top: \u201120px !important;}\u201d]<\/p>\n<div class=\"mceTemp\"><\/div>\n<h3>Project\u00adman\u00adagement<\/h3>\n<p>[\/vc_column_text][vc_separator color=\u201cblack\u201d css=\u201d.vc_custom_1653475473969{margin-right: \u201120px !important;margin-left: \u201110px !important;}\u201d][\/vc_column][\/vc_row][vc_row][vc_column width=\u201c1\/2\u201d][vc_column_text css=\u201d.vc_custom_1741289680155{padding-right: 20px !important;padding-left: 2px !important;}\u201d][\/vc_column_text][vc_separator color=\u201cblack\u201d css=\u201d.vc_custom_1653475846282{margin-top: 30px !important;margin-right: \u201115px !important;margin-left: \u201110px !important;}\u201d][vc_column_text css=\u201c\u201d]<\/p>\n<div class=\"mceTemp\"><\/div>\n<h2>Contact<\/h2>\n<p style=\"font-weight: 400;\">T +49 30 \u2013 &nbsp;57 71 25&nbsp;831<br>\n<a href=\"mailto:bruno.naredo@libmod.de\" target=\"_blank\" rel=\"noopener\">bruno.naredo@libmod.de<\/a><\/p>\n<p>[\/vc_column_text][\/vc_column][vc_column width=\u201c1\/2\u201d][vc_column_text css=\u201d.vc_custom_1741289708276{padding-right: 10px !important;}\u201d]Bruno Naredo is project manager in the \u00d6kolo\u00adgische Moderne programme at the Zentrum Liberale Moderne. His work focuses on policy instru\u00adments and techno\u00adlogical solutions for a&nbsp;sustainable trans\u00adfor\u00admation of industry and the&nbsp;economy.<\/p>\n<p>He holds a&nbsp;Master\u2019s degree in Public Policy and Admin\u00adis\u00adtration from the University of Potsdam and a&nbsp;Bache\u00adlor\u2019s degree in Political Science and Sociology from the University of Bonn. His master\u2019s thesis analysed the deter\u00admi\u00adnants and causal mecha\u00adnisms of municipal climate policies in&nbsp;Germany.<\/p>\n<p>Before joining the Zentrum Liberale Moderne, he worked in scien\u00adtific policy advice and social science research at Agora Energiewende and the Research Institute for Sustain\u00adability (RIFS) in Potsdam. There he supported research projects on climate-neutral indus\u00adtrial strategies in Germany and Europe and on geopo\u00adlitical issues of energy&nbsp;transition.<\/p>\n<p>He also gained practical experience through intern\u00adships at the German Bundestag and at the Heinrich B\u00f6ll Founda\u00adtion\u2019s office in Santiago, Chile.[\/vc_column_text][\/vc_column][\/vc_row][vc_column][\/vc_column]<\/p>\n<\/div>","protected":false},"excerpt":{"rendered":"<p>[vc_row][vc_column][vc_column_text css=\u201d.vc_custom_1741289960818{margin-top: \u201120px !important;}\u201d] Project\u00adman\u00adagement [\/vc_column_text][vc_separator color=\u201cblack\u201d css=\u201d.vc_custom_1653475473969{margin-right: \u201120px !important;margin-left: \u201110px !important;}\u201d][\/vc_column][\/vc_row][vc_row][vc_column width=\u201c1\/2\u201d][vc_column_text css=\u201d.vc_custom_1741289680155{padding-right: 20px !important;padding-left: 2px !important;}\u201d][\/vc_column_text][vc_separator color=\u201cblack\u201d css=\u201d.vc_custom_1653475846282{margin-top: 30px !important;margin-right: \u201115px !important;margin-left: \u201110px !important;}\u201d][vc_column_text css=\u201c\u201d] Contact T +49...<\/p>\n","protected":false},"author":252,"featured_media":0,"parent":0,"menu_order":6,"comment_status":"closed","ping_status":"closed","template":"","meta":{"_acf_changed":false,"wp_typography_post_enhancements_disabled":false,"footnotes":""},"class_list":["post-47943","page","type-page","status-publish"],"acf":[],"yoast_head":"<!-- This site is optimized with the Yoast SEO Premium plugin v27.4 (Yoast SEO v27.5) - https:\/\/yoast.com\/product\/yoast-seo-premium-wordpress\/ -->\n<title>Bruno Naredo - libmod.de - Zentrum Liberale Moderne<\/title>\n<meta name=\"description\" content=\"Bruno Naredo is project manager in the \u00d6kologische Moderne programme at the Zentrum Liberale Moderne. His work focuses on policy instruments and technological solutions for a sustainable transformation of industry and the economy.\" \/>\n<meta name=\"robots\" content=\"index, follow, max-snippet:-1, max-image-preview:large, max-video-preview:-1\" \/>\n<link rel=\"canonical\" href=\"https:\/\/libmod.de\/en\/bruno-naredo\/\" \/>\n<meta property=\"og:locale\" content=\"en_US\" \/>\n<meta property=\"og:type\" content=\"article\" \/>\n<meta property=\"og:title\" content=\"Bruno Naredo\" \/>\n<meta property=\"og:description\" content=\"Bruno Naredo is project manager in the \u00d6kologische Moderne programme at the Zentrum Liberale Moderne. His work focuses on policy instruments and technological solutions for a sustainable transformation of industry and the economy.\" \/>\n<meta property=\"og:url\" content=\"https:\/\/libmod.de\/en\/bruno-naredo\/\" \/>\n<meta property=\"og:site_name\" content=\"libmod.de - Zentrum Liberale Moderne\" \/>\n<meta property=\"article:publisher\" content=\"https:\/\/www.facebook.com\/LiberaleModerne\/\" \/>\n<meta property=\"article:modified_time\" content=\"2025-03-06T19:39:27+00:00\" \/>\n<meta name=\"twitter:card\" content=\"summary_large_image\" \/>\n<meta name=\"twitter:site\" content=\"@liberalemoderne\" \/>\n<meta name=\"twitter:label1\" content=\"Est. reading time\" \/>\n\t<meta name=\"twitter:data1\" content=\"2 minutes\" \/>\n<script type=\"application\/ld+json\" class=\"yoast-schema-graph\">{\"@context\":\"https:\\\/\\\/schema.org\",\"@graph\":[{\"@type\":\"WebPage\",\"@id\":\"https:\\\/\\\/libmod.de\\\/en\\\/bruno-naredo\\\/\",\"url\":\"https:\\\/\\\/libmod.de\\\/en\\\/bruno-naredo\\\/\",\"name\":\"Bruno Naredo - libmod.de - Zentrum Liberale Moderne\",\"isPartOf\":{\"@id\":\"https:\\\/\\\/libmod.de\\\/#website\"},\"datePublished\":\"2022-07-19T08:06:37+00:00\",\"dateModified\":\"2025-03-06T19:39:27+00:00\",\"description\":\"Bruno Naredo is project manager in the \u00d6kologische Moderne programme at the Zentrum Liberale Moderne. His work focuses on policy instruments and technological solutions for a sustainable transformation of industry and the economy.\",\"breadcrumb\":{\"@id\":\"https:\\\/\\\/libmod.de\\\/en\\\/bruno-naredo\\\/#breadcrumb\"},\"inLanguage\":\"en-US\",\"potentialAction\":[{\"@type\":\"ReadAction\",\"target\":[\"https:\\\/\\\/libmod.de\\\/en\\\/bruno-naredo\\\/\"]}]},{\"@type\":\"BreadcrumbList\",\"@id\":\"https:\\\/\\\/libmod.de\\\/en\\\/bruno-naredo\\\/#breadcrumb\",\"itemListElement\":[{\"@type\":\"ListItem\",\"position\":1,\"name\":\"Startseite\",\"item\":\"https:\\\/\\\/libmod.de\\\/en\\\/\"},{\"@type\":\"ListItem\",\"position\":2,\"name\":\"Bruno Naredo\"}]},{\"@type\":\"WebSite\",\"@id\":\"https:\\\/\\\/libmod.de\\\/#website\",\"url\":\"https:\\\/\\\/libmod.de\\\/\",\"name\":\"libmod.de - Zentrum Liberale Moderne\",\"description\":\"Think Tank f\u00fcr Politik in Berlin\",\"publisher\":{\"@id\":\"https:\\\/\\\/libmod.de\\\/#organization\"},\"potentialAction\":[{\"@type\":\"SearchAction\",\"target\":{\"@type\":\"EntryPoint\",\"urlTemplate\":\"https:\\\/\\\/libmod.de\\\/?s={search_term_string}\"},\"query-input\":{\"@type\":\"PropertyValueSpecification\",\"valueRequired\":true,\"valueName\":\"search_term_string\"}}],\"inLanguage\":\"en-US\"},{\"@type\":\"Organization\",\"@id\":\"https:\\\/\\\/libmod.de\\\/#organization\",\"name\":\"Zentrum Liberale Moderne\",\"url\":\"https:\\\/\\\/libmod.de\\\/\",\"logo\":{\"@type\":\"ImageObject\",\"inLanguage\":\"en-US\",\"@id\":\"https:\\\/\\\/libmod.de\\\/#\\\/schema\\\/logo\\\/image\\\/\",\"url\":\"https:\\\/\\\/libmodredaktion.fra1.digitaloceanspaces.com\\\/wp-content\\\/uploads\\\/20240905145818\\\/LibMod_Logo_XL.jpg\",\"contentUrl\":\"https:\\\/\\\/libmodredaktion.fra1.digitaloceanspaces.com\\\/wp-content\\\/uploads\\\/20240905145818\\\/LibMod_Logo_XL.jpg\",\"width\":1439,\"height\":615,\"caption\":\"Zentrum Liberale Moderne\"},\"image\":{\"@id\":\"https:\\\/\\\/libmod.de\\\/#\\\/schema\\\/logo\\\/image\\\/\"},\"sameAs\":[\"https:\\\/\\\/www.facebook.com\\\/LiberaleModerne\\\/\",\"https:\\\/\\\/x.com\\\/liberalemoderne\",\"https:\\\/\\\/www.youtube.com\\\/channel\\\/UC4Yl_V4pm1LwryD04ky54SA\",\"https:\\\/\\\/www.instagram.com\\\/libmod\\\/\",\"https:\\\/\\\/bsky.app\\\/profile\\\/libmod.de\"],\"description\":\"Das Zentrum Liberale Moderne ist ein politischer Think Tank und eine Debattenplattform. LibMod steht f\u00fcr die Verteidigung und Erneuerung der liberalen Demokratie, f\u00fcr den Aufbruch in die \u00f6kologische Moderne und f\u00fcr eine fundierte Osteuropa-Expertise.\"}]}<\/script>\n<!-- \/ Yoast SEO Premium plugin. -->","yoast_head_json":{"title":"Bruno Naredo - libmod.de - Zentrum Liberale Moderne","description":"Bruno Naredo is project manager in the \u00d6kologische Moderne programme at the Zentrum Liberale Moderne. His work focuses on policy instruments and technological solutions for a sustainable transformation of industry and the economy.","robots":{"index":"index","follow":"follow","max-snippet":"max-snippet:-1","max-image-preview":"max-image-preview:large","max-video-preview":"max-video-preview:-1"},"canonical":"https:\/\/libmod.de\/en\/bruno-naredo\/","og_locale":"en_US","og_type":"article","og_title":"Bruno Naredo","og_description":"Bruno Naredo is project manager in the \u00d6kologische Moderne programme at the Zentrum Liberale Moderne. His work focuses on policy instruments and technological solutions for a sustainable transformation of industry and the economy.","og_url":"https:\/\/libmod.de\/en\/bruno-naredo\/","og_site_name":"libmod.de - Zentrum Liberale Moderne","article_publisher":"https:\/\/www.facebook.com\/LiberaleModerne\/","article_modified_time":"2025-03-06T19:39:27+00:00","twitter_card":"summary_large_image","twitter_site":"@liberalemoderne","twitter_misc":{"Est. reading time":"2 minutes"},"schema":{"@context":"https:\/\/schema.org","@graph":[{"@type":"WebPage","@id":"https:\/\/libmod.de\/en\/bruno-naredo\/","url":"https:\/\/libmod.de\/en\/bruno-naredo\/","name":"Bruno Naredo - libmod.de - Zentrum Liberale Moderne","isPartOf":{"@id":"https:\/\/libmod.de\/#website"},"datePublished":"2022-07-19T08:06:37+00:00","dateModified":"2025-03-06T19:39:27+00:00","description":"Bruno Naredo is project manager in the \u00d6kologische Moderne programme at the Zentrum Liberale Moderne. His work focuses on policy instruments and technological solutions for a sustainable transformation of industry and the economy.","breadcrumb":{"@id":"https:\/\/libmod.de\/en\/bruno-naredo\/#breadcrumb"},"inLanguage":"en-US","potentialAction":[{"@type":"ReadAction","target":["https:\/\/libmod.de\/en\/bruno-naredo\/"]}]},{"@type":"BreadcrumbList","@id":"https:\/\/libmod.de\/en\/bruno-naredo\/#breadcrumb","itemListElement":[{"@type":"ListItem","position":1,"name":"Startseite","item":"https:\/\/libmod.de\/en\/"},{"@type":"ListItem","position":2,"name":"Bruno Naredo"}]},{"@type":"WebSite","@id":"https:\/\/libmod.de\/#website","url":"https:\/\/libmod.de\/","name":"libmod.de - Zentrum Liberale Moderne","description":"Think Tank f\u00fcr Politik in Berlin","publisher":{"@id":"https:\/\/libmod.de\/#organization"},"potentialAction":[{"@type":"SearchAction","target":{"@type":"EntryPoint","urlTemplate":"https:\/\/libmod.de\/?s={search_term_string}"},"query-input":{"@type":"PropertyValueSpecification","valueRequired":true,"valueName":"search_term_string"}}],"inLanguage":"en-US"},{"@type":"Organization","@id":"https:\/\/libmod.de\/#organization","name":"Zentrum Liberale Moderne","url":"https:\/\/libmod.de\/","logo":{"@type":"ImageObject","inLanguage":"en-US","@id":"https:\/\/libmod.de\/#\/schema\/logo\/image\/","url":"https:\/\/libmodredaktion.fra1.digitaloceanspaces.com\/wp-content\/uploads\/20240905145818\/LibMod_Logo_XL.jpg","contentUrl":"https:\/\/libmodredaktion.fra1.digitaloceanspaces.com\/wp-content\/uploads\/20240905145818\/LibMod_Logo_XL.jpg","width":1439,"height":615,"caption":"Zentrum Liberale Moderne"},"image":{"@id":"https:\/\/libmod.de\/#\/schema\/logo\/image\/"},"sameAs":["https:\/\/www.facebook.com\/LiberaleModerne\/","https:\/\/x.com\/liberalemoderne","https:\/\/www.youtube.com\/channel\/UC4Yl_V4pm1LwryD04ky54SA","https:\/\/www.instagram.com\/libmod\/","https:\/\/bsky.app\/profile\/libmod.de"],"description":"Das Zentrum Liberale Moderne ist ein politischer Think Tank und eine Debattenplattform. LibMod steht f\u00fcr die Verteidigung und Erneuerung der liberalen Demokratie, f\u00fcr den Aufbruch in die \u00f6kologische Moderne und f\u00fcr eine fundierte Osteuropa-Expertise."}]}},"_links":{"self":[{"href":"https:\/\/libmod.de\/en\/wp-json\/wp\/v2\/pages\/47943","targetHints":{"allow":["GET"]}}],"collection":[{"href":"https:\/\/libmod.de\/en\/wp-json\/wp\/v2\/pages"}],"about":[{"href":"https:\/\/libmod.de\/en\/wp-json\/wp\/v2\/types\/page"}],"author":[{"embeddable":true,"href":"https:\/\/libmod.de\/en\/wp-json\/wp\/v2\/users\/252"}],"replies":[{"embeddable":true,"href":"https:\/\/libmod.de\/en\/wp-json\/wp\/v2\/comments?post=47943"}],"version-history":[{"count":5,"href":"https:\/\/libmod.de\/en\/wp-json\/wp\/v2\/pages\/47943\/revisions"}],"predecessor-version":[{"id":70713,"href":"https:\/\/libmod.de\/en\/wp-json\/wp\/v2\/pages\/47943\/revisions\/70713"}],"wp:attachment":[{"href":"https:\/\/libmod.de\/en\/wp-json\/wp\/v2\/media?parent=47943"}],"curies":[{"name":"wp","href":"https:\/\/api.w.org\/{rel}","templated":true}]}}

<div class="wpb-content-wrapper"><p>[vc_row][vc_column][vc_column_text css=”.vc_custom_1741289960818{margin-top: ‑20px !important;}”]</p>
<div class="mceTemp"></div>
<h3>Project­man­agement</h3>
<p>[/vc_column_text][vc_separator color=“black” css=”.vc_custom_1653475473969{margin-right: ‑20px !important;margin-left: ‑10px !important;}”][/vc_column][/vc_row][vc_row][vc_column width=“1/2”][vc_column_text css=”.vc_custom_1741289680155{padding-right: 20px !important;padding-left: 2px !important;}”][/vc_column_text][vc_separator color=“black” css=”.vc_custom_1653475846282{margin-top: 30px !important;margin-right: ‑15px !important;margin-left: ‑10px !important;}”][vc_column_text css=“”]</p>
<div class="mceTemp"></div>
<h2>Contact</h2>
<p style="font-weight: 400;">T +49 30 – &nbsp;57 71 25&nbsp;831<br>
<a href="mailto:bruno.naredo@libmod.de" target="_blank" rel="noopener">bruno.naredo@libmod.de</a></p>
<p>[/vc_column_text][/vc_column][vc_column width=“1/2”][vc_column_text css=”.vc_custom_1741289708276{padding-right: 10px !important;}”]Bruno Naredo is project manager in the Ökolo­gische Moderne programme at the Zentrum Liberale Moderne. His work focuses on policy instru­ments and techno­logical solutions for a&nbsp;sustainable trans­for­mation of industry and the&nbsp;economy.</p>
<p>He holds a&nbsp;Master’s degree in Public Policy and Admin­is­tration from the University of Potsdam and a&nbsp;Bache­lor’s degree in Political Science and Sociology from the University of Bonn. His master’s thesis analysed the deter­mi­nants and causal mecha­nisms of municipal climate policies in&nbsp;Germany.</p>
<p>Before joining the Zentrum Liberale Moderne, he worked in scien­tific policy advice and social science research at Agora Energiewende and the Research Institute for Sustain­ability (RIFS) in Potsdam. There he supported research projects on climate-neutral indus­trial strategies in Germany and Europe and on geopo­litical issues of energy&nbsp;transition.</p>
<p>He also gained practical experience through intern­ships at the German Bundestag and at the Heinrich Böll Founda­tion’s office in Santiago, Chile.[/vc_column_text][/vc_column][/vc_row][vc_column][/vc_column]</p>
</div>

<!-- This site is optimized with the Yoast SEO Premium plugin v27.4 (Yoast SEO v27.5) - https://yoast.com/product/yoast-seo-premium-wordpress/ -->
<title>Bruno Naredo - libmod.de - Zentrum Liberale Moderne</title>
<meta name="description" content="Bruno Naredo is project manager in the Ökologische Moderne programme at the Zentrum Liberale Moderne. His work focuses on policy instruments and technological solutions for a sustainable transformation of industry and the economy." />
<meta name="robots" content="index, follow, max-snippet:-1, max-image-preview:large, max-video-preview:-1" />
<link rel="canonical" href="https://libmod.de/en/bruno-naredo/" />
<meta property="og:locale" content="en_US" />
<meta property="og:type" content="article" />
<meta property="og:title" content="Bruno Naredo" />
<meta property="og:description" content="Bruno Naredo is project manager in the Ökologische Moderne programme at the Zentrum Liberale Moderne. His work focuses on policy instruments and technological solutions for a sustainable transformation of industry and the economy." />
<meta property="og:url" content="https://libmod.de/en/bruno-naredo/" />
<meta property="og:site_name" content="libmod.de - Zentrum Liberale Moderne" />
<meta property="article:publisher" content="https://www.facebook.com/LiberaleModerne/" />
<meta property="article:modified_time" content="2025-03-06T19:39:27+00:00" />
<meta name="twitter:card" content="summary_large_image" />
<meta name="twitter:site" content="@liberalemoderne" />
<meta name="twitter:label1" content="Est. reading time" />
	<meta name="twitter:data1" content="2 minutes" />
<script type="application/ld+json" class="yoast-schema-graph">{"@context":"https:\/\/schema.org","@graph":[{"@type":"WebPage","@id":"https:\/\/libmod.de\/en\/bruno-naredo\/","url":"https:\/\/libmod.de\/en\/bruno-naredo\/","name":"Bruno Naredo - libmod.de - Zentrum Liberale Moderne","isPartOf":{"@id":"https:\/\/libmod.de\/#website"},"datePublished":"2022-07-19T08:06:37+00:00","dateModified":"2025-03-06T19:39:27+00:00","description":"Bruno Naredo is project manager in the Ökologische Moderne programme at the Zentrum Liberale Moderne. His work focuses on policy instruments and technological solutions for a sustainable transformation of industry and the economy.","breadcrumb":{"@id":"https:\/\/libmod.de\/en\/bruno-naredo\/#breadcrumb"},"inLanguage":"en-US","potentialAction":[{"@type":"ReadAction","target":["https:\/\/libmod.de\/en\/bruno-naredo\/"]}]},{"@type":"BreadcrumbList","@id":"https:\/\/libmod.de\/en\/bruno-naredo\/#breadcrumb","itemListElement":[{"@type":"ListItem","position":1,"name":"Startseite","item":"https:\/\/libmod.de\/en\/"},{"@type":"ListItem","position":2,"name":"Bruno Naredo"}]},{"@type":"WebSite","@id":"https:\/\/libmod.de\/#website","url":"https:\/\/libmod.de\/","name":"libmod.de - Zentrum Liberale Moderne","description":"Think Tank für Politik in Berlin","publisher":{"@id":"https:\/\/libmod.de\/#organization"},"potentialAction":[{"@type":"SearchAction","target":{"@type":"EntryPoint","urlTemplate":"https:\/\/libmod.de\/?s={search_term_string}"},"query-input":{"@type":"PropertyValueSpecification","valueRequired":true,"valueName":"search_term_string"}}],"inLanguage":"en-US"},{"@type":"Organization","@id":"https:\/\/libmod.de\/#organization","name":"Zentrum Liberale Moderne","url":"https:\/\/libmod.de\/","logo":{"@type":"ImageObject","inLanguage":"en-US","@id":"https:\/\/libmod.de\/#\/schema\/logo\/image\/","url":"https:\/\/libmodredaktion.fra1.digitaloceanspaces.com\/wp-content\/uploads\/20240905145818\/LibMod_Logo_XL.jpg","contentUrl":"https:\/\/libmodredaktion.fra1.digitaloceanspaces.com\/wp-content\/uploads\/20240905145818\/LibMod_Logo_XL.jpg","width":1439,"height":615,"caption":"Zentrum Liberale Moderne"},"image":{"@id":"https:\/\/libmod.de\/#\/schema\/logo\/image\/"},"sameAs":["https:\/\/www.facebook.com\/LiberaleModerne\/","https:\/\/x.com\/liberalemoderne","https:\/\/www.youtube.com\/channel\/UC4Yl_V4pm1LwryD04ky54SA","https:\/\/www.instagram.com\/libmod\/","https:\/\/bsky.app\/profile\/libmod.de"],"description":"Das Zentrum Liberale Moderne ist ein politischer Think Tank und eine Debattenplattform. LibMod steht für die Verteidigung und Erneuerung der liberalen Demokratie, für den Aufbruch in die ökologische Moderne und für eine fundierte Osteuropa-Expertise."}]}</script>
<!-- / Yoast SEO Premium plugin. -->

Bruno Naredo is project manager in the Ökologische Moderne programme at the Zentrum Liberale Moderne. His work focuses on policy instruments and technological solutions for a sustainable transformation of industry and the economy.

Think Tank für Politik in Berlin

Das Zentrum Liberale Moderne ist ein politischer Think Tank und eine Debattenplattform. LibMod steht für die Verteidigung und Erneuerung der liberalen Demokratie, für den Aufbruch in die ökologische Moderne und für eine fundierte Osteuropa-Expertise.
